{"id":11878,"date":"2024-02-08T08:24:44","date_gmt":"2024-02-08T07:24:44","guid":{"rendered":"https:\/\/project.howdymeta.com\/?page_id=11878"},"modified":"2026-03-07T10:52:45","modified_gmt":"2026-03-07T09:52:45","slug":"etape-6-reke-e-allages-guri-i-kuq","status":"publish","type":"page","link":"https:\/\/peaksofthebalkans.at\/fr\/etappe-6-reke-e-allages-guri-i-kuq\/","title":{"rendered":"Peaks of the Balkans Tron\u00e7on 6 : Reka e Allages - Guri i Kuq"},"content":{"rendered":"<div data-elementor-type=\"wp-page\" data-elementor-id=\"11878\" class=\"elementor elementor-11878\" data-elementor-post-type=\"page\">\n\t\t\t\t\t\t<section class=\"elementor-section elementor-top-section elementor-element elementor-element-561f9ca elementor-section-height-min-height elementor-section-boxed elementor-section-height-default elementor-section-items-middle\" data-id=\"561f9ca\" data-element_type=\"section\" data-e-type=\"section\" data-settings=\"{&quot;background_background&quot;:&quot;classic&quot;}\">\n\t\t\t\t\t\t<div class=\"elementor-container elementor-column-gap-no\">\n\t\t\t\t\t<div class=\"elementor-column elementor-col-100 elementor-top-column elementor-element elementor-element-45e7a95\" data-id=\"45e7a95\" data-element_type=\"column\" data-e-type=\"column\">\n\t\t\t<div class=\"elementor-widget-wrap elementor-element-populated\">\n\t\t\t\t\t\t<div class=\"elementor-element elementor-element-399d585 elementor-widget elementor-widget-heading\" data-id=\"399d585\" data-element_type=\"widget\" data-e-type=\"widget\" data-widget_type=\"heading.default\">\n\t\t\t\t\t<h1 class=\"elementor-heading-title elementor-size-default\">Peaks of the Balkans \u00e9tape 6 : Rek\u00eb e Allag\u00ebs - Guri i Kuq<\/h1>\t\t\t\t<\/div>\n\t\t\t\t\t<\/div>\n\t\t<\/div>\n\t\t\t\t\t<\/div>\n\t\t<\/section>\n\t\t\t\t<section class=\"elementor-section elementor-top-section elementor-element elementor-element-daa5d55 elementor-section-boxed elementor-section-height-default elementor-section-height-default\" data-id=\"daa5d55\" data-element_type=\"section\" data-e-type=\"section\">\n\t\t\t\t\t\t<div class=\"elementor-container elementor-column-gap-default\">\n\t\t\t\t\t<div class=\"elementor-column elementor-col-100 elementor-top-column elementor-element elementor-element-73bebfc\" data-id=\"73bebfc\" data-element_type=\"column\" data-e-type=\"column\">\n\t\t\t<div class=\"elementor-widget-wrap elementor-element-populated\">\n\t\t\t\t\t\t<section class=\"elementor-section elementor-inner-section elementor-element elementor-element-e00d3e9 elementor-section-boxed elementor-section-height-default elementor-section-height-default\" data-id=\"e00d3e9\" data-element_type=\"section\" data-e-type=\"section\">\n\t\t\t\t\t\t<div class=\"elementor-container elementor-column-gap-default\">\n\t\t\t\t\t<div class=\"elementor-column elementor-col-100 elementor-inner-column elementor-element elementor-element-9a225c1\" data-id=\"9a225c1\" data-element_type=\"column\" data-e-type=\"column\">\n\t\t\t<div class=\"elementor-widget-wrap elementor-element-populated\">\n\t\t\t\t\t\t<div class=\"elementor-element elementor-element-7aac2c0 elementor-widget elementor-widget-heading\" data-id=\"7aac2c0\" data-element_type=\"widget\" data-e-type=\"widget\" data-widget_type=\"heading.default\">\n\t\t\t\t\t<h2 class=\"elementor-heading-title elementor-size-default\">Etape 6 : Randonn\u00e9e Reka e Allag\u0451s - Drelaj - Guri i Kuq<\/h2>\t\t\t\t<\/div>\n\t\t\t\t<div class=\"elementor-element elementor-element-fb36303 elementor-widget elementor-widget-text-editor\" data-id=\"fb36303\" data-element_type=\"widget\" data-e-type=\"widget\" data-widget_type=\"text-editor.default\">\n\t\t\t\t\t\t\t\t\t<p>Longueur du parcours : 23,26 kilom\u00e8tres.<br \/>Altitude minimale : 1 072 m\u00e8tres, altitude maximale : 1 820 m\u00e8tres.<br \/>Altitude totale en mont\u00e9e : 1 257 m\u00e8tres, en descente : 1 139 m\u00e8tres.<br \/>Niveau de difficult\u00e9 : moyen.<br \/>Dur\u00e9e : 8-9 heures.<br \/>Marquages : rouge\/blanc\/rouge<\/p>\n<p>La randonn\u00e9e de transfert vers Ku\u00e7isht\u0451 est longue et int\u00e9ressante et offre la<br \/>Possibilit\u00e9 de visiter quelques autres villages en cours de route. Bien qu'il s'agisse d'une longue randonn\u00e9e d'une journ\u00e9e, le niveau de difficult\u00e9 est faible, car la majeure partie de la randonn\u00e9e se d\u00e9roule sur des chemins de terre et de gravier. Il est \u00e9galement possible d'interrompre la randonn\u00e9e pour<br \/>de continuer avec le v\u00e9hicule jusqu'au dernier point.<\/p>\n<p>Pour une randonn\u00e9e moins exigeante, le chemin peut \u00eatre divis\u00e9 en deux parties. La meilleure<br \/>Option pour passer la nuit : le village de Drelaj (WP 9e), o\u00f9 vous pouvez<br \/>\u00eatre h\u00e9berg\u00e9s par la famille d'Osman Shala. Le parcours<br \/>de Reka e Allag\u0451s \u00e0 Drelaj est de 10,1 kilom\u00e8tres et de l\u00e0 \u00e0<br \/>Ku\u00e7isht\u0451 (Guri i Kuq) ou Leqinat i Ku\u00e7isht\u0451s 12,9 kilom\u00e8tres.<\/p>\n<p>\u00a0<\/p>\n<h3>Peaks of the Balkans Tron\u00e7on 6 - Carte &amp; profil d'altitude<\/h3>\t\t\t\t\t\t\t\t<\/div>\n\t\t\t\t<div class=\"elementor-element elementor-element-b462e86 elementor-widget elementor-widget-image\" data-id=\"b462e86\" data-element_type=\"widget\" data-e-type=\"widget\" data-widget_type=\"image.default\">\n\t\t\t\t\t\t\t\t\t\t\t\t\t\t\t<img fetchpriority=\"high\" decoding=\"async\" width=\"1164\" height=\"602\" src=\"https:\/\/peaksofthebalkans.at\/wp-content\/uploads\/2019\/01\/6fin_1_orig.png\" class=\"attachment-full size-full wp-image-267\" alt=\"Peaks of the Balkans Tron\u00e7on 6 - Carte &amp; profil d&#039;altitude\" srcset=\"https:\/\/peaksofthebalkans.at\/wp-content\/uploads\/2019\/01\/6fin_1_orig.png 1164w, https:\/\/peaksofthebalkans.at\/wp-content\/uploads\/2019\/01\/6fin_1_orig-300x155.png 300w, https:\/\/peaksofthebalkans.at\/wp-content\/uploads\/2019\/01\/6fin_1_orig-768x397.png 768w, https:\/\/peaksofthebalkans.at\/wp-content\/uploads\/2019\/01\/6fin_1_orig-1024x530.png 1024w, https:\/\/peaksofthebalkans.at\/wp-content\/uploads\/2019\/01\/6fin_1_orig-1080x559.png 1080w\" sizes=\"(max-width: 1164px) 100vw, 1164px\" \/>\t\t\t\t\t\t\t\t\t\t\t\t\t\t\t<\/div>\n\t\t\t\t<div class=\"elementor-element elementor-element-6c71596 elementor-align-center elementor-widget elementor-widget-button\" data-id=\"6c71596\" data-element_type=\"widget\" data-e-type=\"widget\" data-widget_type=\"button.default\">\n\t\t\t\t\t\t\t\t\t\t<a class=\"elementor-button elementor-button-link elementor-size-sm elementor-animation-float\" href=\"https:\/\/www.abenteueralbanien.de\/peaks-of-the-balkans-5-10-days\/\" target=\"_blank\" rel=\"noopener\">\n\t\t\t\t\t\t<span class=\"elementor-button-content-wrapper\">\n\t\t\t\t\t\t\t\t\t<span class=\"elementor-button-text\">R\u00e9servation du Peaks of the Balkans Trail<\/span>\n\t\t\t\t\t<\/span>\n\t\t\t\t\t<\/a>\n\t\t\t\t\t\t\t\t<\/div>\n\t\t\t\t<div class=\"elementor-element elementor-element-319e50f elementor-widget elementor-widget-text-editor\" data-id=\"319e50f\" data-element_type=\"widget\" data-e-type=\"widget\" data-widget_type=\"text-editor.default\">\n\t\t\t\t\t\t\t\t\t<p>La randonn\u00e9e commence par une mont\u00e9e vers le nord-ouest \u00e0 travers la prairie derri\u00e8re Mustafa<br \/>Maison d'h\u00f4tes de Hakaj (WP 15d). D\u00e8s que l'on s'approche des pins, on tourne \u00e0 droite<br \/>(vers l'est) sur un chemin muletier. Le chemin est bord\u00e9 d'une cl\u00f4ture sur notre droite et quelques<br \/>m\u00e8tres plus loin, nous tournons \u00e0 gauche au croisement (WP 1e). Apr\u00e8s quelques centaines<br \/>m\u00e8tres en direction du nord-est, nous atteignons une prairie avec une belle vue<\/p><p>Reka e Allag\u0451s et les montagnes environnantes.<br \/>Dans l'ES 2e, nous traversons le chemin de terre et suivons la mont\u00e9e vers le nord-ouest \u00e0 travers le<br \/>de la for\u00eat. Au croisement, nous tournons \u00e0 gauche (WP 3e) et suivons ensuite la direction nord jusqu'\u00e0 ce que nous atteignions<br \/>quitter la for\u00eat pour atteindre une belle prairie et un h\u00e9bergement touristique (WP 5e). Il s'agit d'un<br \/>lieu accueillant pour se reposer.<\/p><p>De l\u00e0, nous suivons une route non goudronn\u00e9e vers l'ouest jusqu'au village de Pepaj. Sur le chemin de Pepaj<br \/>il y a deux sources d'eau le long de la route. Au croisement des WP 6e et 7e<br \/>nous tournons \u00e0 gauche et la descente vers le village de Pepaj est visible depuis les deux positions. Apr\u00e8s<br \/>Apr\u00e8s environ 1 kilom\u00e8tre, nous voyons le cimeti\u00e8re (WP 8e) et tournons \u00e0 droite.<br \/>quelques m\u00e8tres plus loin, tourner \u00e0 droite au carrefour. La descente se fait tr\u00e8s doucement sur un chemin de terre,<br \/>qui n'est plus emprunt\u00e9e par les voitures ; Le trafic automobile a \u00e9t\u00e9 transf\u00e9r\u00e9 sur une nouvelle<br \/>route qui se d\u00e9place. En suivant cette route sur quelques kilom\u00e8tres, nous arrivons au village de Drelaj (WP 9e).<br \/>et de l\u00e0, tourner \u00e0 droite au carrefour. Nous continuons vers le sud-ouest \u00e0 travers le<br \/>village le long d'une route bord\u00e9e de cl\u00f4tures. Cette route nous m\u00e8ne \u00e0 la sortie du village, un pont<br \/>(WP10). Nous traversons le pont et suivons une route de terre qui longe le<br \/>rivi\u00e8re vers le nord dans une magnifique gorge.<\/p><p>Si vous souhaitez terminer cette randonn\u00e9e, vous pouvez tourner \u00e0 gauche apr\u00e8s avoir travers\u00e9 le pont et apr\u00e8s environ 30 minutes.<br \/>. 1 kilom\u00e8tre plus loin, vous rejoignez la route principale. Ici, vous pouvez acheter un<br \/>Louer un taxi pour Ku\u00e7isht\u0451 (WP 20e).<\/p><p>Dans l'ES 11e, restez \u00e0 gauche au carrefour et suivez la route de terre montante vers le nord-ouest.<br \/>Lorsque nous arrivons \u00e0 Dugaiv\u0451 (WP 14e), nous ne prenons aucune des routes non goudronn\u00e9es ;<br \/>Nous suivons plut\u00f4t vers le sud-ouest le long d'une prairie, puis vers le sud jusqu'\u00e0 la for\u00eat. Nous suivons le chemin<br \/>vers le sud au WP 15e et environ 200 m\u00e8tres plus loin, nous commen\u00e7ons la descente sur un<br \/>Sentier muletier \u00e0 travers la for\u00eat qui nous m\u00e8ne au village de Ku\u00e7isht\u0451 (WP 16e). Dans le<br \/>village, nous prenons la route non goudronn\u00e9e et continuons vers le sud-ouest jusqu'\u00e0<br \/>rejoindre la route goudronn\u00e9e au niveau du pont (ES 17e).<\/p><p>Dans ce village, l'\u00e9glise catholique vaut la peine d'\u00eatre visit\u00e9e, elle se trouve au lieu-dit \"Church Hill\".<br \/>(demandez aux habitants de vous fournir un guide ou des indications). Les ruines de cette \u00e9glise<br \/>constituent l'un des monuments les plus pr\u00e9cieux de la Rugova m\u00e9di\u00e9vale.<br \/>Pour se rendre \u00e0 l'h\u00f4tel Guri i Kuq (le point le plus proche du point de d\u00e9part de la prochaine randonn\u00e9e),<br \/>suivre le chemin vers le sud pendant environ 3,8 kilom\u00e8tres, tourner aux intersections du WP 18e<br \/>et 19e \u00e0 gauche.<\/p>\t\t\t\t\t\t\t\t<\/div>\n\t\t\t\t\t<\/div>\n\t\t<\/div>\n\t\t\t\t\t<\/div>\n\t\t<\/section>\n\t\t\t\t\t<\/div>\n\t\t<\/div>\n\t\t\t\t\t<\/div>\n\t\t<\/section>\n\t\t\t\t<section class=\"elementor-section elementor-top-section elementor-element elementor-element-cd1c0a1 elementor-section-boxed elementor-section-height-default elementor-section-height-default\" data-id=\"cd1c0a1\" data-element_type=\"section\" data-e-type=\"section\">\n\t\t\t\t\t\t<div class=\"elementor-container elementor-column-gap-default\">\n\t\t\t\t\t<div class=\"elementor-column elementor-col-100 elementor-top-column elementor-element elementor-element-43850cf\" data-id=\"43850cf\" data-element_type=\"column\" data-e-type=\"column\">\n\t\t\t<div class=\"elementor-widget-wrap elementor-element-populated\">\n\t\t\t\t\t\t<div class=\"elementor-element elementor-element-b730ac7 elementor-align-center elementor-widget elementor-widget-button\" data-id=\"b730ac7\" data-element_type=\"widget\" data-e-type=\"widget\" data-widget_type=\"button.default\">\n\t\t\t\t\t\t\t\t\t\t<a class=\"elementor-button elementor-button-link elementor-size-sm elementor-animation-float\" href=\"https:\/\/www.abenteueralbanien.de\/peaks-of-the-balkans-5-10-days\/\" target=\"_blank\" rel=\"noopener\">\n\t\t\t\t\t\t<span class=\"elementor-button-content-wrapper\">\n\t\t\t\t\t\t\t\t\t<span class=\"elementor-button-text\">R\u00e9servation du Peaks of the Balkans Trail<\/span>\n\t\t\t\t\t<\/span>\n\t\t\t\t\t<\/a>\n\t\t\t\t\t\t\t\t<\/div>\n\t\t\t\t\t<\/div>\n\t\t<\/div>\n\t\t\t\t\t<\/div>\n\t\t<\/section>\n\t\t\t\t<\/div>","protected":false},"excerpt":{"rendered":"<p>Randonn\u00e9e Reka e Allag\u0451s, Kosovo - Pepaj, Kosovo - Drelaj, Kosovo - Ku\u00e7isht\u0451 (Guri i Kuq), Kosovo, distance : 23 kilom\u00e8tres, temps : 8-9 heures<\/p>","protected":false},"author":6,"featured_media":267,"parent":0,"menu_order":0,"comment_status":"closed","ping_status":"closed","template":"","meta":{"footnotes":""},"class_list":["post-11878","page","type-page","status-publish","has-post-thumbnail","hentry"],"_links":{"self":[{"href":"https:\/\/peaksofthebalkans.at\/fr\/wp-json\/wp\/v2\/pages\/11878","targetHints":{"allow":["GET"]}}],"collection":[{"href":"https:\/\/peaksofthebalkans.at\/fr\/wp-json\/wp\/v2\/pages"}],"about":[{"href":"https:\/\/peaksofthebalkans.at\/fr\/wp-json\/wp\/v2\/types\/page"}],"author":[{"embeddable":true,"href":"https:\/\/peaksofthebalkans.at\/fr\/wp-json\/wp\/v2\/users\/6"}],"replies":[{"embeddable":true,"href":"https:\/\/peaksofthebalkans.at\/fr\/wp-json\/wp\/v2\/comments?post=11878"}],"version-history":[{"count":41,"href":"https:\/\/peaksofthebalkans.at\/fr\/wp-json\/wp\/v2\/pages\/11878\/revisions"}],"predecessor-version":[{"id":15736,"href":"https:\/\/peaksofthebalkans.at\/fr\/wp-json\/wp\/v2\/pages\/11878\/revisions\/15736"}],"wp:featuredmedia":[{"embeddable":true,"href":"https:\/\/peaksofthebalkans.at\/fr\/wp-json\/wp\/v2\/media\/267"}],"wp:attachment":[{"href":"https:\/\/peaksofthebalkans.at\/fr\/wp-json\/wp\/v2\/media?parent=11878"}],"curies":[{"name":"wp","href":"https:\/\/api.w.org\/{rel}","templated":true}]}}

Peaks of the Balkans Tronçon 6 : Reka e Allages - Guri i Kuq

<div data-elementor-type="wp-page" data-elementor-id="11878" class="elementor elementor-11878" data-elementor-post-type="page">
						<section class="elementor-section elementor-top-section elementor-element elementor-element-561f9ca elementor-section-height-min-height elementor-section-boxed elementor-section-height-default elementor-section-items-middle" data-id="561f9ca" data-element_type="section" data-e-type="section" data-settings="{&quot;background_background&quot;:&quot;classic&quot;}">
						<div class="elementor-container elementor-column-gap-no">
					<div class="elementor-column elementor-col-100 elementor-top-column elementor-element elementor-element-45e7a95" data-id="45e7a95" data-element_type="column" data-e-type="column">
			<div class="elementor-widget-wrap elementor-element-populated">
						<div class="elementor-element elementor-element-399d585 elementor-widget elementor-widget-heading" data-id="399d585" data-element_type="widget" data-e-type="widget" data-widget_type="heading.default">
					<h1 class="elementor-heading-title elementor-size-default">Peaks of the Balkans étape 6 : Rekë e Allagës - Guri i Kuq</h1>				</div>
					</div>
		</div>
					</div>
		</section>
				<section class="elementor-section elementor-top-section elementor-element elementor-element-daa5d55 elementor-section-boxed elementor-section-height-default elementor-section-height-default" data-id="daa5d55" data-element_type="section" data-e-type="section">
						<div class="elementor-container elementor-column-gap-default">
					<div class="elementor-column elementor-col-100 elementor-top-column elementor-element elementor-element-73bebfc" data-id="73bebfc" data-element_type="column" data-e-type="column">
			<div class="elementor-widget-wrap elementor-element-populated">
						<section class="elementor-section elementor-inner-section elementor-element elementor-element-e00d3e9 elementor-section-boxed elementor-section-height-default elementor-section-height-default" data-id="e00d3e9" data-element_type="section" data-e-type="section">
						<div class="elementor-container elementor-column-gap-default">
					<div class="elementor-column elementor-col-100 elementor-inner-column elementor-element elementor-element-9a225c1" data-id="9a225c1" data-element_type="column" data-e-type="column">
			<div class="elementor-widget-wrap elementor-element-populated">
						<div class="elementor-element elementor-element-7aac2c0 elementor-widget elementor-widget-heading" data-id="7aac2c0" data-element_type="widget" data-e-type="widget" data-widget_type="heading.default">
					<h2 class="elementor-heading-title elementor-size-default">Etape 6 : Randonnée Reka e Allagёs - Drelaj - Guri i Kuq</h2>				</div>
				<div class="elementor-element elementor-element-fb36303 elementor-widget elementor-widget-text-editor" data-id="fb36303" data-element_type="widget" data-e-type="widget" data-widget_type="text-editor.default">
									<p>Longueur du parcours : 23,26 kilomètres.<br />Altitude minimale : 1 072 mètres, altitude maximale : 1 820 mètres.<br />Altitude totale en montée : 1 257 mètres, en descente : 1 139 mètres.<br />Niveau de difficulté : moyen.<br />Durée : 8-9 heures.<br />Marquages : rouge/blanc/rouge</p>
<p>La randonnée de transfert vers Kuçishtё est longue et intéressante et offre la<br />Possibilité de visiter quelques autres villages en cours de route. Bien qu'il s'agisse d'une longue randonnée d'une journée, le niveau de difficulté est faible, car la majeure partie de la randonnée se déroule sur des chemins de terre et de gravier. Il est également possible d'interrompre la randonnée pour<br />de continuer avec le véhicule jusqu'au dernier point.</p>
<p>Pour une randonnée moins exigeante, le chemin peut être divisé en deux parties. La meilleure<br />Option pour passer la nuit : le village de Drelaj (WP 9e), où vous pouvez<br />être hébergés par la famille d'Osman Shala. Le parcours<br />de Reka e Allagёs à Drelaj est de 10,1 kilomètres et de là à<br />Kuçishtё (Guri i Kuq) ou Leqinat i Kuçishtёs 12,9 kilomètres.</p>
<p> </p>
<h3>Peaks of the Balkans Tronçon 6 - Carte &amp; profil d'altitude</h3>								</div>
				<div class="elementor-element elementor-element-b462e86 elementor-widget elementor-widget-image" data-id="b462e86" data-element_type="widget" data-e-type="widget" data-widget_type="image.default">
															<img fetchpriority="high" decoding="async" width="1164" height="602" src="https://peaksofthebalkans.at/wp-content/uploads/2019/01/6fin_1_orig.png" class="attachment-full size-full wp-image-267" alt="Peaks of the Balkans Tronçon 6 - Carte &amp; profil d&#039;altitude" srcset="https://peaksofthebalkans.at/wp-content/uploads/2019/01/6fin_1_orig.png 1164w, https://peaksofthebalkans.at/wp-content/uploads/2019/01/6fin_1_orig-300x155.png 300w, https://peaksofthebalkans.at/wp-content/uploads/2019/01/6fin_1_orig-768x397.png 768w, https://peaksofthebalkans.at/wp-content/uploads/2019/01/6fin_1_orig-1024x530.png 1024w, https://peaksofthebalkans.at/wp-content/uploads/2019/01/6fin_1_orig-1080x559.png 1080w" sizes="(max-width: 1164px) 100vw, 1164px" />															</div>
				<div class="elementor-element elementor-element-6c71596 elementor-align-center elementor-widget elementor-widget-button" data-id="6c71596" data-element_type="widget" data-e-type="widget" data-widget_type="button.default">
										<a class="elementor-button elementor-button-link elementor-size-sm elementor-animation-float" href="https://www.abenteueralbanien.de/peaks-of-the-balkans-5-10-days/" target="_blank" rel="noopener">
						<span class="elementor-button-content-wrapper">
									<span class="elementor-button-text">Réservation du Peaks of the Balkans Trail</span>
					</span>
					</a>
								</div>
				<div class="elementor-element elementor-element-319e50f elementor-widget elementor-widget-text-editor" data-id="319e50f" data-element_type="widget" data-e-type="widget" data-widget_type="text-editor.default">
									<p>La randonnée commence par une montée vers le nord-ouest à travers la prairie derrière Mustafa<br />Maison d'hôtes de Hakaj (WP 15d). Dès que l'on s'approche des pins, on tourne à droite<br />(vers l'est) sur un chemin muletier. Le chemin est bordé d'une clôture sur notre droite et quelques<br />mètres plus loin, nous tournons à gauche au croisement (WP 1e). Après quelques centaines<br />mètres en direction du nord-est, nous atteignons une prairie avec une belle vue</p><p>Reka e Allagёs et les montagnes environnantes.<br />Dans l'ES 2e, nous traversons le chemin de terre et suivons la montée vers le nord-ouest à travers le<br />de la forêt. Au croisement, nous tournons à gauche (WP 3e) et suivons ensuite la direction nord jusqu'à ce que nous atteignions<br />quitter la forêt pour atteindre une belle prairie et un hébergement touristique (WP 5e). Il s'agit d'un<br />lieu accueillant pour se reposer.</p><p>De là, nous suivons une route non goudronnée vers l'ouest jusqu'au village de Pepaj. Sur le chemin de Pepaj<br />il y a deux sources d'eau le long de la route. Au croisement des WP 6e et 7e<br />nous tournons à gauche et la descente vers le village de Pepaj est visible depuis les deux positions. Après<br />Après environ 1 kilomètre, nous voyons le cimetière (WP 8e) et tournons à droite.<br />quelques mètres plus loin, tourner à droite au carrefour. La descente se fait très doucement sur un chemin de terre,<br />qui n'est plus empruntée par les voitures ; Le trafic automobile a été transféré sur une nouvelle<br />route qui se déplace. En suivant cette route sur quelques kilomètres, nous arrivons au village de Drelaj (WP 9e).<br />et de là, tourner à droite au carrefour. Nous continuons vers le sud-ouest à travers le<br />village le long d'une route bordée de clôtures. Cette route nous mène à la sortie du village, un pont<br />(WP10). Nous traversons le pont et suivons une route de terre qui longe le<br />rivière vers le nord dans une magnifique gorge.</p><p>Si vous souhaitez terminer cette randonnée, vous pouvez tourner à gauche après avoir traversé le pont et après environ 30 minutes.<br />. 1 kilomètre plus loin, vous rejoignez la route principale. Ici, vous pouvez acheter un<br />Louer un taxi pour Kuçishtё (WP 20e).</p><p>Dans l'ES 11e, restez à gauche au carrefour et suivez la route de terre montante vers le nord-ouest.<br />Lorsque nous arrivons à Dugaivё (WP 14e), nous ne prenons aucune des routes non goudronnées ;<br />Nous suivons plutôt vers le sud-ouest le long d'une prairie, puis vers le sud jusqu'à la forêt. Nous suivons le chemin<br />vers le sud au WP 15e et environ 200 mètres plus loin, nous commençons la descente sur un<br />Sentier muletier à travers la forêt qui nous mène au village de Kuçishtё (WP 16e). Dans le<br />village, nous prenons la route non goudronnée et continuons vers le sud-ouest jusqu'à<br />rejoindre la route goudronnée au niveau du pont (ES 17e).</p><p>Dans ce village, l'église catholique vaut la peine d'être visitée, elle se trouve au lieu-dit "Church Hill".<br />(demandez aux habitants de vous fournir un guide ou des indications). Les ruines de cette église<br />constituent l'un des monuments les plus précieux de la Rugova médiévale.<br />Pour se rendre à l'hôtel Guri i Kuq (le point le plus proche du point de départ de la prochaine randonnée),<br />suivre le chemin vers le sud pendant environ 3,8 kilomètres, tourner aux intersections du WP 18e<br />et 19e à gauche.</p>								</div>
					</div>
		</div>
					</div>
		</section>
					</div>
		</div>
					</div>
		</section>
				<section class="elementor-section elementor-top-section elementor-element elementor-element-cd1c0a1 elementor-section-boxed elementor-section-height-default elementor-section-height-default" data-id="cd1c0a1" data-element_type="section" data-e-type="section">
						<div class="elementor-container elementor-column-gap-default">
					<div class="elementor-column elementor-col-100 elementor-top-column elementor-element elementor-element-43850cf" data-id="43850cf" data-element_type="column" data-e-type="column">
			<div class="elementor-widget-wrap elementor-element-populated">
						<div class="elementor-element elementor-element-b730ac7 elementor-align-center elementor-widget elementor-widget-button" data-id="b730ac7" data-element_type="widget" data-e-type="widget" data-widget_type="button.default">
										<a class="elementor-button elementor-button-link elementor-size-sm elementor-animation-float" href="https://www.abenteueralbanien.de/peaks-of-the-balkans-5-10-days/" target="_blank" rel="noopener">
						<span class="elementor-button-content-wrapper">
									<span class="elementor-button-text">Réservation du Peaks of the Balkans Trail</span>
					</span>
					</a>
								</div>
					</div>
		</div>
					</div>
		</section>
				</div>

<p>Randonnée Reka e Allagёs, Kosovo - Pepaj, Kosovo - Drelaj, Kosovo - Kuçishtё (Guri i Kuq), Kosovo, distance : 23 kilomètres, temps : 8-9 heures</p>
